)/(16/6). Let u(r) = r**2 + 8*r + 367. What is the units digit of u(y)?
2
Suppose 195*s + 5*l - 5284 = 194*s, 0 = 5*s + 2*l - 26328. What is the hundreds digit of s?
2
What is the tens digit of (6 - (3 + 502431/(-9))) + 46/(-69)?
2
Let a = -113 - -477. Let k(c) = c**3 + 4*c**2 - c - 2. Let d be k(-4). Suppose -a = -5*b - i - 59, -i = -d*b + 129. What is the units digit of b?
2
Suppose 100*p = 4257319 + 2221181. What is the ten thousands digit of p?
6
What is the hundreds digit of (-6 - 28/(-8))*(-24083)/10*8?
1
Suppose 121*y - 57912 = 113*y. What is the hundreds digit of y?
2
Let t(g) = -18*g + 3*g**2 - 3*g - g**2 + 7 + 5*g. Let b be t(8). Suppose b*s - s = 624. What is the units digit of s?
4
Let a = 2 + 208. Suppose 211*z - a*z = 81. What is the tens digit of z?
8
Suppose -3*b - 4*b + 28 = 0. Suppose 3*k + 14*w - 124 = 12*w, -2*w + b = 0. What is the units digit of k?
0
Let y(b) be the second derivative of 9*b**4/2 - 7*b**3/6 + 5*b**2 - 2*b - 19. What is the tens digit of y(-3)?
1
Let y(k) = 85*k**2 - 10*k + 45. What is the units digit of y(10)?
5
Suppose -3*i + 11*i = 32. Suppose 0 = -z + 4*a + 19, -i*a = 3*z + 23 - 0. What is the tens digit of z/(2/36)*(1 + -15)?
5
Suppose 186*x - 187*x + 6628 = -2*j, 3*j - 6 = 0. Suppose -3*d - o + 3726 = -1247, 0 = -4*d - o + x. What is the thousands digit of d?
1
Let f(y) = y + 20. Let s be f(-10). Suppose -s*b + 20 = -9*b. Suppose 0 = -2*h + b + 26. What is the units digit of h?
3
Suppose 0 = -75*p + 72*p + 15. Suppose p*m + 3*j = 4950, 4*m - 2*j - 2275 = 1663. What is the tens digit of m?
8
Let l(z) = -7 + 7*z + 4 - z**3 + 4*z**2 - 8. Let u be l(5). What is the hundreds digit of u - 226/((-8)/4)?
1
Let j(w) = -4*w - 27. Let s be j(-7). Let y be (-22 - -55)/(s/3). Let z = y + -38. What is the units digit of z?
1
Suppose 0 = -10*v + 133975 + 104945. What is the tens digit of v?
9
Let z = 16 + 17. Let a = z + 81. Let j = a - 50. What is the tens digit of j?
6
What is the hundreds digit of 134871/44 - ((-10)/(-8) - 2)?
0
Let s(j) = -537*j + 9191. What is the tens digit of s(0)?
9
Suppose 2*v + 3*o = 1801, -124*v - 9*o = -127*v + 2769. What is the hundreds digit of v?
9
Let p = 85 + -76. Suppose p*g - 129 = 348. What is the tens digit of g?
5
Let w(z) = 4*z**2 - 44*z - 33. What is the hundreds digit of w(-8)?
5
Let k(x) = -x**3 - 6*x**2 - 5*x - 15. Let z be k(-6). What is the tens digit of z*(-40)/(-48)*74?
2
Let c = 65 - 50. Let q be ((-198)/(-8))/(c/80). Suppose -y + 8 + q = 0. What is the units digit of y?
0
Let g be (-1 + (-2)/4)/((-3)/(-8)). Let w be 1 - 0 - -1 - (-4 - g). Suppose -60 = -d - b, -w*d - 3*b - 23 + 140 = 0. What is the units digit of d?
3
Let u(j) = j + 2. Let s be u(-2). Suppose b = -2*t - b + 800, 4*b - 8 = s. What is the units digit of t?
8
Suppose -5*s = -3*b - 75, 3*s - 54 = -3*b + 15. Suppose 38 = -7*m - s. What is the hundreds digit of 0 - (-690)/4 - 4/m?
1
Suppose 3*o = -i - 2*i - 21, 0 = 2*o + 4. Let t(v) = 77*v**2 + 124*v - 5. What is the tens digit of t(i)?
0
Let z be 46/161 - ((-37)/(-7) - -1). What is the units digit of (-893)/(-57) - 2/z?
6
Let q = 48736 - 34083. What is the hundreds digit of q?
6
Suppose 0 = -4*d - 5*v + 30689, -4*v = 16*d - 18*d + 15364. What is the units digit of d?
6
Let c = -834 + 879. Let k = -13 - -14. Let x = c + k. What is the units digit of x?
6
Suppose 12 = -5*r + 9*r. Suppose -3*j + 1266 = -r*u, 2*j - 849 = 4*u - 3*u. Let f = -266 + j. What is the hundreds digit of f?
1
Let f(w) = 2*w - 205. Let n be f(0). Let q = 418 + n. What is the hundreds digit of q?
2
What is the hundreds digit of ((-17)/6 - 48/(-32))/((-24)/561564)?
1
Let a = 1462 + -494. Suppose -11*u - a = -12*u. What is the hundreds digit of u?
9
Suppose 614 = -2*x + 4*q - 572, -4*x - 2356 = -4*q. Let b = 871 + x. What is the tens digit of b?
8
Let a(h) = 1245*h**2 - 15*h + 35. What is the units digit of a(2)?
5
Let l = -208 + 212. Suppose l*o = -0*o + 2776. What is the units digit of o?
4
Suppose -523*q + 490*q + 2091804 = 0. What is the thousands digit of q?
3
Let p(v) = 1007*v - 1834. What is the hundreds digit of p(8)?
2
Let w(c) be the first derivative of 28*c**3 - 6*c**2 - 5*c + 43. What is the units digit of w(-2)?
5
Let u(i) = -2*i + 11. Let l be u(5). Let g be 314*-2*((-4)/(-16) - l). Let z = -281 + g. What is the hundreds digit of z?
1
Let j(q) be the second derivative of -q**4/3 + 195*q**2 - 5*q. Let n be j(0). Suppose f + f = c + n, 587 = 3*f - 2*c. What is the hundreds digit of f?
1
Let a(f) = -23 - 34 + 1 - 14*f. What is the units digit of a(-17)?
2
What is the hundreds digit of (2098/(-5))/(240/200)*-6?
0
Let z = 12 + -6. Suppose -3*r + z*r - 2*i = 246, i = 2*r - 164. Suppose 5*d = f - 138 - r, -3*f - d = -612. What is the tens digit of f?
0
Let z(l) = -4*l**3 - 16*l**2 - 11*l - 65. Let q(w) = w**3 - 1. Let j(b) = 3*q(b) + z(b). What is the units digit of j(-16)?
8
Suppose -5*j + 32 = 4*s, 3*s - 21 = -2*j - j. Suppose g - m - 205 = -3, -2*g + 3*m = -406. Suppose j*k + k = g. What is the units digit of k?
0
Let i(b) = -b**3 + 5*b**2 - b - 4. Let z be i(4). Suppose -766 = z*a - 3718. What is the units digit of a?
9
Suppose 0 = 2*j + 3 + 53. Suppose -2*y - 2*q - 63 = -3*q, -3*q = -3*y - 96. Let m = j - y. What is the units digit of m?
3
Suppose -w = -3120 + 175. Suppose -3*k + 3416 = 4*f, 4*f + 4*k - 467 = w. What is the units digit of f?
7
Suppose -29 = -2*s + 7. What is the tens digit of (-12)/s + 3/(9/203)?
6
Let j = 690 - 688. Suppose 4*o = j*r - o - 1498, 4*o = 16. What is the hundreds digit of r?
7
Suppose 6*l - 177180 = 2*l - 16*p, 44291 = l + 3*p. What is the units digit of l?
9
Suppose 370 = -s + 1090. Suppose 3*n = -5*q + 1196, s = 11*q - 8*q + 3*n. What is the units digit of q?
8
Let y(c) = -1 - 15*c**3 - 5*c**2 + 16*c**3 - 2 + c. Let j be y(5). Suppose j*u = 200 + 134. What is the hundreds digit of u?
1
Suppose -326062 - 517088 = -14*v - 8*v. What is the thousands digit of v?
8
Let u = -362 - -710. Let y = u - -136. What is the hundreds digit of y?
4
Suppose -17*r + 6*r + 528 = 0. What is the hundreds digit of (32/r)/((-1)/(-426))?
2
Let d = -5839 + 15435. What is the hundreds digit of d?
5
Let d be (2/1)/(((-6)/5)/(-3)). Suppose -d*p - 2*z + 5*z - 15 = 0, 4*z - 20 = 3*p. What is the units digit of -6 - -18 - (p - 2)?
4
Suppose -4 = -4*f + 2*f. Suppose 5*b = 5*q - 0*q - 8980, 8952 = 5*q + f*b. Suppose -q = 9*l - 17*l. What is the tens digit of l?
2
Suppose 7*g - 32 = 3*g - 4*s, g - 2*s - 8 = 0. Let r = -851 + 1351. Suppose -r = -6*l - g. What is the units digit of l?
2
Let r be (9/((-189)/98))/(2/(-486)). Let w = r + -806. What is the hundreds digit of w?
3
Let c(d) = 2*d**2 - 6*d - 15. Let f be c(5). Suppose f*h = -5*q + 2370, -468 = -h + 4*q - 8*q. What is the hundreds digit of h?
4
Let x = -1134 + 1995. What is the hundreds digit of x?
8
Let s(m) be the second derivative of m**6/40 + m**5/8 + 29*m**3/6 - 21*m. Let b(y) be the second derivative of s(y). What is the hundreds digit of b(-5)?
1
Let q be (824 + -7)/(4 - 3). Let h = -508 + q. What is the hundreds digit of h?
3
Let s = 664 - 560. Suppose 5*y = -5*b - 90, 3*y + 0*y - b + 50 = 0. Let z = s + y. What is the units digit of z?
7
Suppose -182 = i - 2*u - 0*u, -5*i - 895 = -5*u. Suppose 0*z - 47 = z + 4*o, 0 = -z - o - 62. Let p = z - i. What is the hundreds digit of p?
1
Suppose -v = -7 + 2, 2*a - 295 = -3*v. Let z = a - -113. What is the hundreds digit of z?
2
Suppose -g = -1, -3*g = -5*o - g + 83. Suppose 19*n - o*n = 282. Suppose -n - 155 = -4*l. What is the tens digit of l?
7
Let l = -755 - 15703. What is the hundreds digit of (3/2)/((-117)/l)?
2
Let f(n) = 131*n**2 - 31*n - 138. What is the hundreds digit of f(-6)?
7
Let g = -2874 + 8529. What is the thousands digit of g?
5
What is the tens digit of 7800012/(-264)*(-2 - 16/(-12))?
9
Let t(z) = -14*z**2 + 7*z + 6. Let y be t(-1). Let f = -84 - y. What is the hundreds digit of 34/(-6)*(f + 18)?
2
Let p(v) = -v**2 + 10*v + 50. Let d be p(9). What is the hundreds digit of (-2)/(-2)*17405/d?
2
Suppose -8*x = 51 - 75. Suppose -2*w + 6 = 0, k + 1 - 27 = -x*w. What is the tens digit of k?
1
Let f(t) = -t + 15. Let y be f(7). Suppose -4*n + 0*n + y = 0. What is the units digit of (2*n)/((-18)/(-387))?
6
Let m(z) = 212*z - 112. What is the units digit of 